(j). Give y(s).
4
Let k(y) = -4*y + 4. Let j = 25 - 22. Calculate k(j).
-8
Let a(p) = -p + 1. Let s be a(-5). Let y(u) = -20*u**2 + 14*u + 15. Let d(h) = 7*h**2 - 5*h - 5. Let q(w) = s*y(w) + 17*d(w). Calculate q(0).
5
Let s(j) = j**3. Let v(d) = 4*d**2 - 2*d + 2*d - 4*d**3 + 7 - 3. Let y(t) = -5*s(t) - v(t). Determine y(-4).
-4
Let t(l) = l**3 + 10*l**2 - 3*l - 6. Let u(i) = i - 1. Let z(k) = t(k) + 2*u(k). Calculate z(-10).
2
Let m(k) = k**3 - 2*k**2 - k + 2. Suppose 0 = 6*u + 2 - 14. Determine m(u).
0
Let b(z) = 3*z**2 - 22*z + 21. Let n(a) = 5*a**2 - 33*a + 31. Let k(v) = -8*b(v) + 5*n(v). Let r be k(-12). Let d(u) = u**2 - u - 1. Calculate d(r).
1
Suppose -4*o + 4 = -0. Let j = 3 - o. Let a be 0/(4 + -1 - j). Let k(f) = -f**3 - f**2 - f - 3. Determine k(a).
-3
Let k(p) = -p + 7. Suppose -19 = 4*x + 5*v, -3*x - 4*v = 19 - 5. Let y(o) = -o**2 - 8*o - 6. Let t be y(x). Determine k(t).
1
Let d(k) be the first derivative of k**2/2 + 2*k + 35. Give d(-5).
-3
Suppose 2*k - 24 = 6*k - 4*j, -5*k = -2*j + 27. Let q(t) = 5 + 7*t - 2 + 1 + 0*t**2 + t**2. What is q(k)?
-6
Let o(r) = 3*r - 6. Let a(v) = -v + 1. Let t(x) = x**3 - x + 2. Let m be t(-2). Let q(g) = m*a(g) - o(g). Determine q(5).
7
Let y(j) = -j**3 - 4*j**2 - 2*j + 6. Let l(t) = 1. Let r(m) = -2*l(m) + y(m). Let b(d) = -d**2 - 6*d - 1. Let g be b(-7). Let f = g - -5. What is r(f)?
1
Let g(j) = j + 2. Let c be g(-1). Suppose -2*i - c + 5 = 0. Suppose 3*z - 1 - i = 0. Let u(q) = 7*q - 1. Give u(z).
6
Suppose 8 = 3*k - 4. Let y(v) = v + 1 - k*v + 5*v. Let c(n) = n - 3. Let t be c(0). What is y(t)?
-5
Let x be (2 + (-6 - 0))*-1. Suppose -3*p + 5*p - 10 = 4*t, 4*t - 50 = -2*p. Suppose 1 = -a + 2*n, 4*a - n + x*n = -p. Let d(j) = -j**2 - j + 1. Give d(a).
-5
Let i(k) be the second derivative of -k**3/6 - 9*k. Determine i(-5).
5
Let t(s) = -9*s + 15*s - 2*s**2 + s**2 - 5*s. What is t(1)?
0
Let c = -53 + 54. Let h(y) = 2*y**2 + y + 0*y - y**2. Give h(c).
2
Let y(v) = -4*v**2 - v**3 - 3 - 4 + 8 - 4*v - 5. Calculate y(-4).
12
Let b(q) be the third derivative of -q**4/24 - q**3/6 - 4*q**2. Determine b(3).
-4
Let c(q) = 3*q + 1 - q**2 - 5*q**3 - 2*q - 2*q**3. Let o = -2 + 1. What is c(o)?
6
Let d(i) = -i + 9. Let y be d(3). Let p(s) = -s**2 + 7*s. Let c be p(y). Let u(z) = z**2 - 8*z + 6. What is u(c)?
-6
Let l be 11 - 0*1/(-2). Let f(m) = m**2 + 5*m + 13. Let g(a) = 2*a**2 + 36 + 11*a - 11 + 5*a - 6*a. Let j(x) = l*f(x) - 6*g(x). Determine j(-5).
-7
Let a be 0 - 4 - (1 + 0). Let x(i) = -6 + i + 2 - 14*i + 7*i - i**2. Give x(a).
1
Let l(k) = -2*k - 2. Let t be l(-7). Let x = t - 22. Let u be ((-56)/40)/(2/x). Let s(d) = -d**2 + 7*d + 2. Give s(u).
2
Suppose 6*l - 5*l = -4. Let z(k) = k**3 + 4*k**2 - 1. Let v be z(l). Let p(s) = -12*s - 1. Calculate p(v).
11
Let z = -10 - -15. Let i(s) = -s**2 + 3*s + 6. Calculate i(z).
-4
Let q(r) be the second derivative of -r**4/12 + 2*r**3/3 + r**2 + 5*r. Suppose -4*z = -3*z - 3. Determine q(z).
5
Let g(b) be the first derivative of 1/4*b**4 + 5*b - 7/2*b**2 - 5/3*b**3 - 3. Determine g(6).
-1
Let l(j) = j - 4. Let u = 14 - 8. Suppose -12 = n - u. What is l(n)?
-10
Let s(l) = 6*l - l**3 - l**2 + 12 - 7 - 2*l - 2*l**2. Calculate s(-4).
5
Let k(c) be the second derivative of -c + 3/2*c**2 - 1/12*c**4 - 1/20*c**5 + 0 + 2/3*c**3. Suppose -5 = 5*a + 5. Give k(a).
-1
Suppose 0 = c + 5*q - 6 + 1, 0 = -3*c - 2*q + 2. Let g(t) = t + 3. What is g(c)?
3
Let x(q) = q**2 + 4*q - 4. Let z(r) = r**3 + 7*r**2 + 12*r + 4. Let t be z(-5). What is x(t)?
8
Let t = 54 + -54. Let n(o) = o**3 + o**2 + 5. Calculate n(t).
5
Let n(t) = 3*t**2 - 3*t + 2. Let s(u) = u - 14. Let c(p) = 5*p - 71. Let g(v) = 2*c(v) - 11*s(v). Let h be g(10). Determine n(h).
8
Suppose 4*q = 3*x - 8*x + 13, 2*q - 4*x = 0. Let o(i) = -2 + 4*i - i + 0*i. Determine o(q).
4
Let r(u) = -2*u + 5. Let d(b) = -b + 4. Let w(p) = 3*d(p) - 2*r(p). What is w(-9)?
-7
Suppose -2*f - 20 = -2*l + 2*f, -2*l - 4*f = -44. Let a = l + -18. Let k(j) = j**3 + 2*j**2 + 2*j. What is k(a)?
-4
Let c = 1 + 0. Suppose 2 = 3*k + 3*d - c, -k + 5*d = 23. Let f(p) = -p**2 - 4*p - 3. What is f(k)?
0
Let l(g) = g**3 + 8*g**2 - 7*g + 20. Let z be l(-9). Let q(y) = -2*y**z + 4*y**2 + 3*y - 6 + 0*y - y**2. What is q(-5)?
4
Let a(d) = 3*d - 3. Let i(n) = -2*n**2 - 2*n + 2. Let z be i(-2). Suppose 13 = -4*o + 3*t, 0*t = -3*o - 2*t - 14. Let g = z - o. Calculate a(g).
3
Suppose 8*l = 4*l. Let s(c) = -c**3 + c**2 - c + 8. Determine s(l).
8
Let g(f) = 2*f**2 - 71 + 0*f**2 + 72. Determine g(-1).
3
Let o(b) = b + 5. Let j = 18 - 15. Let n = -2 - j. Determine o(n).
0
Let c(y) = y**2 + y - 3. Let b(h) = -h**3 - 3*h**2 - h. Let i be b(-2). Let v(g) = g**2 - g - 4. Let l be v(3). Let k = i - l. What is c(k)?
9
Let i(j) = 6 + 6*j**2 - 1 + 2*j - 7. Determine i(-2).
18
Let i(y) = 0*y - 1 - 2*y**2 - 2 + 2 - y**3 + 2*y. Let m be 0/(-1) + -3 - 0. What is i(m)?
2
Let s(l) = -9*l - 3. Suppose -5*r = 4*a + 10, -r + a + 2*a = -17. Suppose r*b - 4*u - 6 + 26 = 0, 5*u - 28 = 4*b. Give s(b).
15
Let f(p) = 17*p**2 + p. Suppose q + 5 = -2*l, -5*q - 8 = -4*l - q. Determine f(l).
16
Let s(b) = b**2 - 2 - 2*b + 3 + 0 + 3*b. Let u(o) = 5*o**2 + 11*o + 7. Let z(x) = 4*s(x) - u(x). What is z(-6)?
3
Let k = 5 + -2. Let p(b) = b + 10. Let y be p(-7). Let x(n) = k + n + 0*n - 3*n**y + 2*n**3. What is x(0)?
3
Let y(j) = -2*j - 5 + 4 + 3*j. Give y(2).
1
Suppose 4*y + 12 = 6*y. Let i(v) = 2*v**2 + 4*v - 6. Let l(x) = -5*x**2 - 13*x + 18. Let k(u) = 8*i(u) + 3*l(u). Calculate k(y).
0
Let h(p) = -p**3 - 5*p**2 + 5*p - 3. Suppose -d + 1 = -3*k, 5*k + 25 = -0*d - 3*d. Let n = d + -1. Determine h(n).
3
Let j(z) = -3*z**3 + 6*z**2 - 4*z + 1. Let t be (15/(-10))/((-6)/8). Let v(o) = 4*o**3 - 7*o**2 + 4*o - 2. Let h(f) = t*v(f) + 3*j(f). What is h(3)?
-4
Suppose 24 = 2*n + n. Suppose 0*s = 2*s, -5*s - n = 4*y. Let o(m) = -m**2 - m + 2. Determine o(y).
0
Let w(g) = -2*g**2 - 6*g - 5. Suppose -a = 2*x + 2*a + 8, a = 0. Calculate w(x).
-13
Let p(o) = 5*o**3 - 3*o**2 + 3*o + 3. Let b(r) = 6*r**3 - 3*r**2 + 3*r + 4. Let w(l) = -4*b(l) + 5*p(l). Calculate w(2).
1
Let c = 18 + -25. Let t(v) = -v**3 - 6*v**2 + 7*v + 2. Determine t(c).
2
Suppose 2*z - 2 = 4*d, 4*d - 3*z = -d - 5. Let b(g) = 2*g**2 - 2*g - 2. What is b(d)?
2
Let u be ((-8)/(-10))/((-3)/(-15)). Let t(q) be the first derivative of -4*q - 1/4*q**u - 1 - 4/3*q**3 + 2*q**2. Calculate t(-5).
1
Let s(t) = -3*t + 1. Let z(a) = a - 2. Let k be z(5). Give s(k).
-8
Let w(k) = -k + 11. Let l be w(17). Let q(f) = -7*f**2 + 0*f**2 - 9 + 1 - f**3 - 7*f. What is q(l)?
-2
Suppose -3*z = -z. Let o(y) = -5*y**3 - 2*y - 26 + 2*y - 5*y**2. Let s(r) = r**3 + r**2 + 5. Let i(x) = 2*o(x) + 11*s(x). Give i(z).
3
Let z(n) = 5*n**3 - 2*n**2 - n. Let y = 14 + -5. Suppose -3*m - y + 1 = 5*k, -4 = 4*m. Determine z(k).
-6
Suppose -3*v + 4*j + 8 = -v, -2*j - 4 = -4*v. Let s(n) = v + 2*n - 4 + 4. Determine s(-5).
-10
Suppose -21*t + 6*t + 30 = 0. Let a(k) = 2*k**2 + k - 2. Determine a(t).
8
Suppose 24 = 4*h - 4. Let u(c) = -c**2 + 9*c - 8. What is u(h)?
6
Let p(d) be the third derivative of -2*d**3 + 3*d**2 + 0*d + 0 + 1/24*d**4. Determine p(5).
-7
Let b = 15 + -13. Let m(g) = g**2 - 1. Determine m(b).
3
Let t(u) be the second derivative of -u**3/3 - 5*u**2/2 + 13*u. Give t(-5).
5
Let g(q) = 5*q**2 + 9*q - 3. Let t(s) = -9*s**2 - 17*s + 5. Let h be (-8)/(-4 - -1 - -1). Let i(j) = h*t(j) + 7*g(j). Suppose -c = -6*c - 30. What is i(c)?
-7
Suppose 4 + 1 = 5*x. Let i(r) = -r**3 - r**2 - r + 1. Let m(z) = -5*z**3 - 5*z**2 - 4*z + 6. Let v(d) = x*m(d) - 4*i(d). Calculate v(0).
2
Let q(c) = c**3 - 6*c**2 + 5*c - 3. Let l(u) = u**3 + 2*u**2 - 2*u - 2. Let n be l(-2). Let z = -1 - -4. Let g = z + n. Calculate q(g).
-3
Let r(g) = -g - 5. Let k(o) = -o**2 + 2. Let t be k(-2). Let x = -6 - t. Determine r(x).
-1
Let h(p) = 3*p + 4. Let o be (-2)/14 + 180/(-63). Determine h(o).
-5
Let k(j) = -5*j**2 - 10*j - 2. Let n(c) = -c**2 - c. Let q(v) = 10*v**2 + 15*v + 3. Let h(i) = 6*n(i) + q(i). Let l(g) = 4*h(g) + 3*k(g). Give l(-6).
6
Let x(b) = 2*b**2 + 3*b. Suppose 0 = r + 5*i + 15, 4*r + 4*i + 6 = -38. Let v be r/4 - 2/4. Calculate x(v).
9
Let c(d) = d**2 - 5*d - 1. Let s = 34 - 29. What is c(s)?
-1
Suppose 2 = -d - 1. Let y be ((-1)/1)/3*d. Let c(o) = -3*o**3 - 5*o**2 - 2*o + 7. Le